{"id":81,"date":"2022-01-29T02:40:36","date_gmt":"2022-01-29T01:40:36","guid":{"rendered":"http:\/\/www.stokliniken.se\/?page_id=81"},"modified":"2022-02-12T20:58:25","modified_gmt":"2022-02-12T19:58:25","slug":"arkiv-mediamedverkan","status":"publish","type":"page","link":"https:\/\/www.stokliniken.se\/?page_id=81","title":{"rendered":"Arkiv \/ Mediamedverkan"},"content":{"rendered":"\n<p class=\"wp-block-paragraph\">H\u00e4r finns en samling av medverkan i olika media under \u00e5rens lopp. Det visade sig att b\u00e5de McKenzie-metoden och Laserbehandling var h\u00f6gintressant och d\u00e4rf\u00f6r gjordes det en del reportage i tidning och lokaltv.<\/p>\n\n\n\n<figure class=\"wp-block-image size-full is-resized\"><a href=\"http:\/\/www.stokliniken.se\/wp-content\/uploads\/2022\/01\/aftonbl24_25maj08.pdf\"><img fetchpriority=\"high\" decoding=\"async\" src=\"http:\/\/www.stokliniken.se\/wp-content\/uploads\/2022\/01\/Aftonbladet-2008.jpg\" alt=\"\" class=\"wp-image-102\" width=\"443\" height=\"478\" srcset=\"https:\/\/www.stokliniken.se\/wp-content\/uploads\/2022\/01\/Aftonbladet-2008.jpg 735w, https:\/\/www.stokliniken.se\/wp-content\/uploads\/2022\/01\/Aftonbladet-2008-277x300.jpg 277w\" sizes=\"(max-width: 443px) 100vw, 443px\" \/><\/a><figcaption>Aftonbladets bilaga \u201dH\u00e4rliga Hemma\u201d fr\u00e5n maj 2008 beskriver hur McKenzie-metoden hj\u00e4lpt en kvinna med l\u00e5ngvariga nacksm\u00e4rtor.<\/figcaption><\/figure>\n\n\n\n<figure class=\"wp-block-image size-full\"><a href=\"http:\/\/www.stokliniken.se\/wp-content\/uploads\/2022\/01\/FYSIOTERAPI-intervju.pdf\" target=\"_blank\" rel=\"noopener\"><img decoding=\"async\" width=\"587\" height=\"619\" src=\"http:\/\/www.stokliniken.se\/wp-content\/uploads\/2022\/01\/FYSIOTERAPI-intervju.jpg\" alt=\"\" class=\"wp-image-103\" srcset=\"https:\/\/www.stokliniken.se\/wp-content\/uploads\/2022\/01\/FYSIOTERAPI-intervju.jpg 587w, https:\/\/www.stokliniken.se\/wp-content\/uploads\/2022\/01\/FYSIOTERAPI-intervju-284x300.jpg 284w\" sizes=\"(max-width: 587px) 100vw, 587px\" \/><\/a><figcaption>Intervju med Anders Bergstr\u00f6m i Sjukgymnastf\u00f6rbundets tidning FYSIOTERAPI 2010<\/figcaption><\/figure>\n\n\n\n<figure class=\"wp-block-image size-large\"><a href=\"http:\/\/www.stokliniken.se\/wp-content\/uploads\/2022\/01\/SI-ledsdebattart.pdf\" target=\"_blank\" rel=\"noopener\"><img decoding=\"async\" width=\"1024\" height=\"501\" src=\"http:\/\/www.stokliniken.se\/wp-content\/uploads\/2022\/01\/Debattartikel-SI-led-1024x501.jpg\" alt=\"\" class=\"wp-image-104\" srcset=\"https:\/\/www.stokliniken.se\/wp-content\/uploads\/2022\/01\/Debattartikel-SI-led-1024x501.jpg 1024w, https:\/\/www.stokliniken.se\/wp-content\/uploads\/2022\/01\/Debattartikel-SI-led-300x147.jpg 300w, https:\/\/www.stokliniken.se\/wp-content\/uploads\/2022\/01\/Debattartikel-SI-led-768x376.jpg 768w, https:\/\/www.stokliniken.se\/wp-content\/uploads\/2022\/01\/Debattartikel-SI-led.jpg 1086w\" sizes=\"(max-width: 1024px) 100vw, 1024px\" \/><\/a><\/figure>\n\n\n\n<p class=\"wp-block-paragraph\">\u201d<strong>Roterat b\u00e4cken<\/strong>\u201d, \u201d<strong>olika l\u00e5nga ben<\/strong>\u201d, \u201d<strong>korsben som hoppat snett<\/strong>\u201d etc. \u00e4r n\u00e5got vi h\u00f6rt g\u00e5ng efter g\u00e5ng. Med anledning av dessa p\u00e5st\u00e5enden gjordes en djupdykning i studier och det resulterade i att tidningen Fysioterapi ville ha en debattartikel.<br>Kontentan var att det inte finns bel\u00e4gg f\u00f6r att r\u00f6relse eller icke-r\u00f6relse i SI-leden var f\u00f6rknippat med sm\u00e4rta. N\u00e4r det finns en \u00e4kta sm\u00e4rta fr\u00e5n SI-leden \u00e4r detta kopplat till en inflammation\/artrit i leden, d\u00e4remot \u00e4r de flesta b\u00e4ckenledssm\u00e4rtor egentligen utstr\u00e5lande sm\u00e4rta fr\u00e5n ryggen via ischiasnerven.<\/p>\n\n\n\n<div class=\"wp-block-image\"><figure class=\"alignleft size-full is-resized\"><a href=\"http:\/\/www.stokliniken.se\/wp-content\/uploads\/2022\/01\/Tv4UFTliten-1.wmv\"><img loading=\"lazy\" decoding=\"async\" src=\"http:\/\/www.stokliniken.se\/wp-content\/uploads\/2022\/01\/tv4mckenzie.jpg\" alt=\"\" class=\"wp-image-105\" width=\"178\" height=\"161\"\/><\/a><\/figure><\/div>\n\n\n\n<p class=\"wp-block-paragraph\">McKenzie-metoden f\u00f6r behandling av l\u00e4ndryggssm\u00e4rta. H\u00e4r ett reportage med Anders Bergstr\u00f6m tillsammans med kollegan David Thomas, Ume\u00e5<\/p>\n\n\n\n<p class=\"wp-block-paragraph\"><\/p>\n\n\n\n<p class=\"wp-block-paragraph\"><\/p>\n\n\n\n<figure class=\"wp-block-image size-large\"><a href=\"https:\/\/youtu.be\/O0yO4pDl6W4\" target=\"_blank\" rel=\"noopener\"><img loading=\"lazy\" decoding=\"async\" width=\"1024\" height=\"615\" src=\"http:\/\/www.stokliniken.se\/wp-content\/uploads\/2022\/02\/mdt-nacke-2-1024x615.jpg\" alt=\"\" class=\"wp-image-227\" srcset=\"https:\/\/www.stokliniken.se\/wp-content\/uploads\/2022\/02\/mdt-nacke-2-1024x615.jpg 1024w, https:\/\/www.stokliniken.se\/wp-content\/uploads\/2022\/02\/mdt-nacke-2-300x180.jpg 300w, https:\/\/www.stokliniken.se\/wp-content\/uploads\/2022\/02\/mdt-nacke-2-768x461.jpg 768w, https:\/\/www.stokliniken.se\/wp-content\/uploads\/2022\/02\/mdt-nacke-2.jpg 1182w\" sizes=\"(max-width: 1024px) 100vw, 1024px\" \/><\/a><figcaption>L\u00e4nk till YouTube intervju om McKenzie-behandling f\u00f6r nacksm\u00e4rta<\/figcaption><\/figure>\n\n\n\n<figure class=\"wp-block-image size-large\"><a href=\"https:\/\/youtu.be\/XbiUKhSsiOw\" target=\"_blank\" rel=\"noopener\"><img loading=\"lazy\" decoding=\"async\" width=\"1024\" height=\"616\" src=\"http:\/\/www.stokliniken.se\/wp-content\/uploads\/2022\/02\/MDT-kna-1024x616.jpg\" alt=\"\" class=\"wp-image-228\" srcset=\"https:\/\/www.stokliniken.se\/wp-content\/uploads\/2022\/02\/MDT-kna-1024x616.jpg 1024w, https:\/\/www.stokliniken.se\/wp-content\/uploads\/2022\/02\/MDT-kna-300x181.jpg 300w, https:\/\/www.stokliniken.se\/wp-content\/uploads\/2022\/02\/MDT-kna-768x462.jpg 768w, https:\/\/www.stokliniken.se\/wp-content\/uploads\/2022\/02\/MDT-kna.jpg 1186w\" sizes=\"(max-width: 1024px) 100vw, 1024px\" \/><\/a><figcaption>Kollegan David Thomas d\u00e5 p\u00e5 Ume\u00e5 Sm\u00e4rtmottagning behandlar kn\u00e4sm\u00e4rta<\/figcaption><\/figure>\n\n\n\n<figure class=\"wp-block-image size-large\"><a href=\"https:\/\/youtu.be\/kamCmje-KK4\" target=\"_blank\" rel=\"noopener\"><img loading=\"lazy\" decoding=\"async\" width=\"1024\" height=\"615\" src=\"http:\/\/www.stokliniken.se\/wp-content\/uploads\/2022\/02\/MDT-rygg-1024x615.jpg\" alt=\"\" class=\"wp-image-229\" srcset=\"https:\/\/www.stokliniken.se\/wp-content\/uploads\/2022\/02\/MDT-rygg-1024x615.jpg 1024w, https:\/\/www.stokliniken.se\/wp-content\/uploads\/2022\/02\/MDT-rygg-300x180.jpg 300w, https:\/\/www.stokliniken.se\/wp-content\/uploads\/2022\/02\/MDT-rygg-768x462.jpg 768w, https:\/\/www.stokliniken.se\/wp-content\/uploads\/2022\/02\/MDT-rygg.jpg 1188w\" sizes=\"(max-width: 1024px) 100vw, 1024px\" \/><\/a><figcaption>Kollegan Eva Ekesbo, Lund,  behandlar en ryggpatient med McKenzie<\/figcaption><\/figure>\n","protected":false},"excerpt":{"rendered":"<p>H\u00e4r finns en samling av medverkan i olika media under \u00e5rens lopp. Det visade sig att b\u00e5de McKenzie-metoden och Laserbehandling var h\u00f6gintressant och d\u00e4rf\u00f6r gjordes det en del reportage i tidning och lokaltv. \u201dRoterat b\u00e4cken\u201d, \u201dolika l\u00e5nga ben\u201d, \u201dkorsben som &hellip; <a href=\"https:\/\/www.stokliniken.se\/?page_id=81\">Forts\u00e4tt l\u00e4sa <span class=\"meta-nav\">&rarr;<\/span><\/a><\/p>\n","protected":false},"author":1,"featured_media":0,"parent":0,"menu_order":0,"comment_status":"closed","ping_status":"closed","template":"","meta":{"footnotes":""},"class_list":["post-81","page","type-page","status-publish","hentry"],"_links":{"self":[{"href":"https:\/\/www.stokliniken.se\/index.php?rest_route=\/wp\/v2\/pages\/81","targetHints":{"allow":["GET"]}}],"collection":[{"href":"https:\/\/www.stokliniken.se\/index.php?rest_route=\/wp\/v2\/pages"}],"about":[{"href":"https:\/\/www.stokliniken.se\/index.php?rest_route=\/wp\/v2\/types\/page"}],"author":[{"embeddable":true,"href":"https:\/\/www.stokliniken.se\/index.php?rest_route=\/wp\/v2\/users\/1"}],"replies":[{"embeddable":true,"href":"https:\/\/www.stokliniken.se\/index.php?rest_route=%2Fwp%2Fv2%2Fcomments&post=81"}],"version-history":[{"count":6,"href":"https:\/\/www.stokliniken.se\/index.php?rest_route=\/wp\/v2\/pages\/81\/revisions"}],"predecessor-version":[{"id":230,"href":"https:\/\/www.stokliniken.se\/index.php?rest_route=\/wp\/v2\/pages\/81\/revisions\/230"}],"wp:attachment":[{"href":"https:\/\/www.stokliniken.se\/index.php?rest_route=%2Fwp%2Fv2%2Fmedia&parent=81"}],"curies":[{"name":"wp","href":"https:\/\/api.w.org\/{rel}","templated":true}]}}

<p class="wp-block-paragraph">Här finns en samling av medverkan i olika media under årens lopp. Det visade sig att både McKenzie-metoden och Laserbehandling var högintressant och därför gjordes det en del reportage i tidning och lokaltv.</p>



<figure class="wp-block-image size-full is-resized"><a href="http://www.stokliniken.se/wp-content/uploads/2022/01/aftonbl24_25maj08.pdf"><img fetchpriority="high" decoding="async" src="http://www.stokliniken.se/wp-content/uploads/2022/01/Aftonbladet-2008.jpg" alt="" class="wp-image-102" width="443" height="478" srcset="https://www.stokliniken.se/wp-content/uploads/2022/01/Aftonbladet-2008.jpg 735w, https://www.stokliniken.se/wp-content/uploads/2022/01/Aftonbladet-2008-277x300.jpg 277w" sizes="(max-width: 443px) 100vw, 443px" /></a><figcaption>Aftonbladets bilaga ”Härliga Hemma” från maj 2008 beskriver hur McKenzie-metoden hjälpt en kvinna med långvariga nacksmärtor.</figcaption></figure>



<figure class="wp-block-image size-full"><a href="http://www.stokliniken.se/wp-content/uploads/2022/01/FYSIOTERAPI-intervju.pdf" target="_blank" rel="noopener"><img decoding="async" width="587" height="619" src="http://www.stokliniken.se/wp-content/uploads/2022/01/FYSIOTERAPI-intervju.jpg" alt="" class="wp-image-103" srcset="https://www.stokliniken.se/wp-content/uploads/2022/01/FYSIOTERAPI-intervju.jpg 587w, https://www.stokliniken.se/wp-content/uploads/2022/01/FYSIOTERAPI-intervju-284x300.jpg 284w" sizes="(max-width: 587px) 100vw, 587px" /></a><figcaption>Intervju med Anders Bergström i Sjukgymnastförbundets tidning FYSIOTERAPI 2010</figcaption></figure>



<figure class="wp-block-image size-large"><a href="http://www.stokliniken.se/wp-content/uploads/2022/01/SI-ledsdebattart.pdf" target="_blank" rel="noopener"><img decoding="async" width="1024" height="501" src="http://www.stokliniken.se/wp-content/uploads/2022/01/Debattartikel-SI-led-1024x501.jpg" alt="" class="wp-image-104" srcset="https://www.stokliniken.se/wp-content/uploads/2022/01/Debattartikel-SI-led-1024x501.jpg 1024w, https://www.stokliniken.se/wp-content/uploads/2022/01/Debattartikel-SI-led-300x147.jpg 300w, https://www.stokliniken.se/wp-content/uploads/2022/01/Debattartikel-SI-led-768x376.jpg 768w, https://www.stokliniken.se/wp-content/uploads/2022/01/Debattartikel-SI-led.jpg 1086w" sizes="(max-width: 1024px) 100vw, 1024px" /></a></figure>



<p class="wp-block-paragraph">”<strong>Roterat bäcken</strong>”, ”<strong>olika långa ben</strong>”, ”<strong>korsben som hoppat snett</strong>” etc. är något vi hört gång efter gång. Med anledning av dessa påståenden gjordes en djupdykning i studier och det resulterade i att tidningen Fysioterapi ville ha en debattartikel.<br>Kontentan var att det inte finns belägg för att rörelse eller icke-rörelse i SI-leden var förknippat med smärta. När det finns en äkta smärta från SI-leden är detta kopplat till en inflammation/artrit i leden, däremot är de flesta bäckenledssmärtor egentligen utstrålande smärta från ryggen via ischiasnerven.</p>



<div class="wp-block-image"><figure class="alignleft size-full is-resized"><a href="http://www.stokliniken.se/wp-content/uploads/2022/01/Tv4UFTliten-1.wmv"><img loading="lazy" decoding="async" src="http://www.stokliniken.se/wp-content/uploads/2022/01/tv4mckenzie.jpg" alt="" class="wp-image-105" width="178" height="161"/></a></figure></div>



<p class="wp-block-paragraph">McKenzie-metoden för behandling av ländryggssmärta. Här ett reportage med Anders Bergström tillsammans med kollegan David Thomas, Umeå</p>



<p class="wp-block-paragraph"></p>



<p class="wp-block-paragraph"></p>



<figure class="wp-block-image size-large"><a href="https://youtu.be/O0yO4pDl6W4" target="_blank" rel="noopener"><img loading="lazy" decoding="async" width="1024" height="615" src="http://www.stokliniken.se/wp-content/uploads/2022/02/mdt-nacke-2-1024x615.jpg" alt="" class="wp-image-227" srcset="https://www.stokliniken.se/wp-content/uploads/2022/02/mdt-nacke-2-1024x615.jpg 1024w, https://www.stokliniken.se/wp-content/uploads/2022/02/mdt-nacke-2-300x180.jpg 300w, https://www.stokliniken.se/wp-content/uploads/2022/02/mdt-nacke-2-768x461.jpg 768w, https://www.stokliniken.se/wp-content/uploads/2022/02/mdt-nacke-2.jpg 1182w" sizes="(max-width: 1024px) 100vw, 1024px" /></a><figcaption>Länk till YouTube intervju om McKenzie-behandling för nacksmärta</figcaption></figure>



<figure class="wp-block-image size-large"><a href="https://youtu.be/XbiUKhSsiOw" target="_blank" rel="noopener"><img loading="lazy" decoding="async" width="1024" height="616" src="http://www.stokliniken.se/wp-content/uploads/2022/02/MDT-kna-1024x616.jpg" alt="" class="wp-image-228" srcset="https://www.stokliniken.se/wp-content/uploads/2022/02/MDT-kna-1024x616.jpg 1024w, https://www.stokliniken.se/wp-content/uploads/2022/02/MDT-kna-300x181.jpg 300w, https://www.stokliniken.se/wp-content/uploads/2022/02/MDT-kna-768x462.jpg 768w, https://www.stokliniken.se/wp-content/uploads/2022/02/MDT-kna.jpg 1186w" sizes="(max-width: 1024px) 100vw, 1024px" /></a><figcaption>Kollegan David Thomas då på Umeå Smärtmottagning behandlar knäsmärta</figcaption></figure>



<figure class="wp-block-image size-large"><a href="https://youtu.be/kamCmje-KK4" target="_blank" rel="noopener"><img loading="lazy" decoding="async" width="1024" height="615" src="http://www.stokliniken.se/wp-content/uploads/2022/02/MDT-rygg-1024x615.jpg" alt="" class="wp-image-229" srcset="https://www.stokliniken.se/wp-content/uploads/2022/02/MDT-rygg-1024x615.jpg 1024w, https://www.stokliniken.se/wp-content/uploads/2022/02/MDT-rygg-300x180.jpg 300w, https://www.stokliniken.se/wp-content/uploads/2022/02/MDT-rygg-768x462.jpg 768w, https://www.stokliniken.se/wp-content/uploads/2022/02/MDT-rygg.jpg 1188w" sizes="(max-width: 1024px) 100vw, 1024px" /></a><figcaption>Kollegan Eva Ekesbo, Lund,  behandlar en ryggpatient med McKenzie</figcaption></figure>

<p>Här finns en samling av medverkan i olika media under årens lopp. Det visade sig att både McKenzie-metoden och Laserbehandling var högintressant och därför gjordes det en del reportage i tidning och lokaltv. ”Roterat bäcken”, ”olika långa ben”, ”korsben som &hellip; <a href="https://www.stokliniken.se/?page_id=81">Fortsätt läsa <span class="meta-nav">&rarr;</span></a></p>
